osite?
False
Is 3376495 a prime number?
False
Is 45089 composite?
True
Is 821 a composite number?
False
Is 1932677 a composite number?
False
Is 64151 prime?
True
Is 3491 a composite number?
False
Is 13283 a prime number?
False
Is 153817 prime?
True
Is 253601 a prime number?
True
Is 44017 prime?
True
Is 13577 a composite number?
False
Is 80557 a composite number?
False
Is 861539 composite?
True
Is 91447 a composite number?
True
Is 23243 a prime number?
False
Is 5851 a composite number?
False
Is 257591 composite?
False
Is 302177 composite?
True
Is 132899 a prime number?
False
Is 753943 a composite number?
True
Is 192097 a composite number?
False
Is 295387 a prime number?
True
Is 1043285 prime?
False
Is 343909 prime?
False
Is 1294 prime?
False
Is 2622479 a prime number?
True
Is 6145 a prime number?
False
Is 34057 a prime number?
True
Is 72989 composite?
True
Is 12143 a prime number?
True
Is 24313 a composite number?
True
Is 21701 composite?
False
Is 9587 prime?
True
Is 2053 a composite number?
False
Is 5266 composite?
True
Is 12301 a prime number?
True
Is 89303 a composite number?
False
Is 6166 a prime number?
False
Is 15661 prime?
True
Is 15227 prime?
True
Is 15877 a composite number?
False
Is 24809 a prime number?
True
Is 642011 a prime number?
True
Is 317 a prime number?
True
Is 44579 prime?
True
Is 1509269 composite?
False
Is 3545 a prime number?
False
Is 62311 prime?
True
Is 148229 a prime number?
True
Is 239831 composite?
False
Is 143783 prime?
False
Is 91526 prime?
False
Is 64133 prime?
False
Is 79273 composite?
False
Is 2367581 prime?
False
Is 2419 a prime number?
False
Is 5847 a composite number?
True
Is 1102901 composite?
False
Is 214631 a composite number?
False
Is 1272445 a composite number?
True
Is 4757 a prime number?
False
Is 199637 prime?
True
Is 79873 a prime number?
True
Is 3989 composite?
False
Is 11246 composite?
True
Is 28771 a prime number?
True
Is 20477 a composite number?
False
Is 7177 a composite number?
False
Is 4241 composite?
False
Is 1397523 a prime number?
False
Is 1128031 prime?
True
Is 3271991 prime?
True
Is 19949 composite?
False
Is 85502 prime?
False
Is 10831 a prime number?
True
Is 53359 prime?
True
Is 5347 composite?
False
Is 1002967 a prime number?
False
Is 13997 composite?
False
Is 26591 a composite number?
False
Is 13353 a composite number?
True
Is 407783 a composite number?
False
Is 146635 a composite number?
True
Is 19063 a composite number?
True
Is 17891 a composite number?
False
Is 35521 composite?
False
Is 82939 a prime number?
True
Is 10313 prime?
True
Is 6098 composite?
True
Is 111647 prime?
False
Is 12313 a composite number?
True
Is 45929 a composite number?
True
Is 103609 a composite number?
True
Is 649 a composite number?
True
Is 18217 composite?
False
Is 252733 composite?
True
Is 7639 a prime number?
True
Is 13517 composite?
True
Is 370019 a prime number?
False
Is 893479 a prime number?
True
Is 79327 a prime number?
False
Is 30739 composite?
True
Is 16495 a composite number?
True
Is 407471 composite?
False
Is 3733 prime?
True
Is 310265 a prime number?
False
Is 20483 composite?
False
Is 1537 composite?
True
Is 108986 composite?
True
Is 23083 a composite number?
True
Is 2633941 prime?
False
Is 35887 prime?
False
Is 30949 composite?
False
Is 409907 composite?
True
Is 16871 a composite number?
False
Is 682901 composite?
False
Is 152111 a composite number?
False
Is 1397 prime?
False
Is 667 composite?
True
Is 360119 a composite number?
True
Is 4751 a composite number?
False
Is 37337 a prime number?
True
Is 1945 composite?
True
Is 29297 prime?
True
Is 26591 prime?
True
Is 317377 prime?
False
Is 62273 a prime number?
True
Is 885497 prime?
True
Is 167845 composite?
True
Is 586037 prime?
True
Is 67109 composite?
True
Is 23407 a prime number?
False
Is 35797 prime?
True
Is 5326 composite?
True
Is 3643 a composite number?
False
Is 2826613 prime?
True
Is 858397 composite?
False
Is 319 composite?
True
Is 187507 composite?
False
Is 571295 prime?
False
Is 79771 a prime number?
False
Is 1117 composite?
False
Is 1151 composite?
False
Is 4721 composite?
False
Is 2371 a prime number?
True
Is 3493 a composite number?
True
Is 33547 a prime number?
True
Is 1056433 prime?
False
Is 37483 a prime number?
True
Is 499943 prime?
True
Is 25243 composite?
False
Is 15767 a composite number?
False
Is 34973 prime?
False
Is 7211 prime?
True
Is 243467 prime?
False
Is 69137 a prime number?
False
Is 176017 composite?
False
Is 1087 prime?
True
Is 75151 a composite number?
True
Is 100811 a prime number?
True
Is 59 composite?
False
Is 1569521 composite?
True
Is 11777 prime?
True
Is 24547 a composite number?
False
Is 508729 a prime number?
False
Is 1692857 a prime number?
True
Is 1361 prime?
True
Is 15501 a prime number?
False
Is 740711 a composite number?
False
Is 86741 a composite number?
True
Is 280199 prime?
True
Is 719803 a prime number?
False
Is 39965 prime?
False
Is 2503 a composite number?
False
Is 9461 a prime number?
True
Is 195551 a prime number?
False
Is 251287 a prime number?
True
Is 26489 composite?
False
Is 41273 composite?
True
Is 29813 a composite number?
True
Is 38431 a composite number?
False
Is 219755 prime?
False
Is 15983 a composite number?
True
Is 12601 a composite number?
False
Is 45743 composite?
True
Is 104189 composite?
True
Is 360793 prime?
False
Is 590165 composite?
True
Is 1113169 a prime number?
False
Is 84171 composite?
True
Is 43151 composite?
False
Is 1434397 a prime number?
True
Is 73409 prime?
False
Is 1104007 a composite number?
True
Is 18119 composite?
False
Is 23839 prime?
False
Is 13843 a prime number?
False
Is 63361 prime?
True
Is 222427 a prime number?
False
Is 679 composite?
True
Is 14687 a composite number?
True
Is 151379 composite?
False
Is 5079 a composite number?
True
Is 37717 composite?
False
Is 44617 a prime number?
True
Is 5791 prime?
True
Is 611389 a composite number?
False
Is 59863 a prime number?
True
Is 2217 a composite number?
True
Is 309251 a prime number?
True
Is 11369 a prime number?
True
Is 656521 prime?
False
Is 8131 prime?
False
Is 2599 composite?
True
Is 769771 a prime number?
False
Is 10085 composite?
True
Is 264283 a prime number?
True
Is 140249 a composite number?
False
Is 23269 composite?
False
Is 557871 a prime number?
False
Is 376843 a prime number?
False
Is 148123 a composite number?
False
Is 61211 prime?
True
Is 11389 composite?
True
Is 34981 a composite number?
False
Is 3947 a prime number?
True
Is 17403 composite?
True
Is 25741 a prime number?
True
Is 1068117 prime?
False
Is 813899 prime?
False
Is 529927 a prime number?
True
Is 5147 composite?
False
Is 171813 a prime number?
False
Is 1555 composite?
True
Is 220283 prime?
False
Is 218851 composite?
True
Is 7403 a composite number?
True
Is 593501 a prime number?
True
Is 37589 a prime number?
True
Is 38167 composite?
False
Is 43311 composite?
True
Is 54203 a prime number?
False
Is 1460687 prime?
True
Is 42641 prime?
True
Is 20849 a prime number?
True
Is 4201 prime?
True
Is 55307 prime?
False
Is 7729 prime?
False
Is 21977 a prime number?
True
Is 604511 a composite number?
True
Is 24029 composite?
False
Is 6761 prime?
True
Is 37589 a prime number?
True
Is 443546 a composite number?
True
Is 37643 composite?
False
Is 319339 prime?
True
Is 406247 a composite number?
False
Is 9619 a composite number?
False
Is 578563 prime?
True
Is 7033 a prime number?
False
Is 79229 a prime number?
True
Is 4904269 composite?
False
Is 452071 a composite number?
True
Is 8654 composite?
True
Is 3749 prime?
False
Is 672059 a composite number?
False
Is 7817 prime?
True
Is 297049 a prime number?
True
Is 392401 composite?
True
Is 1257 composite?
True
Is 31619 a prime number?
False
Is 4183 composite?
True
Is 15493 composite?
False
Is 126079 a composite number?
False
Is 113417 prime?
True
Is 3218 prime?
False
Is 9917 a prime number?
False
Is 285659 a prime number?
False
Is 11327 a prime number?
False
Is 1037434 prime?
False
Is 1743803 a composite number?
False
Is 44753 a prime number?
True
Is 4407307 a composite number?
False
Is 2108103 composite?
True
Is 45751 a prime number?
True
Is 22853 a prime number?
True
Is 19267 a prime number?
True
Is 948371 composite?
True
Is 22711 a prime number?
False
Is 31483 prime?
False
Is 356927 a composite number?
